nits digit of 215?
5
What is the thousands digit of 18658?
8
What is the thousands digit of 182005?
2
What is the thousands digit of 1453?
1
What is the units digit of 1422?
2
What is the tens digit of 1141?
4
What is the units digit of 33824?
4
What is the units digit of 174625?
5
What is the thousands digit of 3812?
3
What is the hundreds digit of 52946?
9
What is the units digit of 17357?
7
What is the tens digit of 1417?
1
What is the units digit of 118165?
5
What is the tens digit of 415?
1
What is the thousands digit of 4210?
4
What is the ten thousands digit of 43405?
4
What is the hundreds digit of 64189?
1
What is the units digit of 27599?
9
What is the thousands digit of 1253?
1
What is the units digit of 2120?
0
What is the units digit of 37658?
8
What is the thousands digit of 6530?
6
What is the tens digit of 16012?
1
What is the tens digit of 837?
3
What is the units digit of 152990?
0
What is the hundreds digit of 764?
7
What is the thousands digit of 18101?
8
What is the hundreds digit of 21302?
3
What is the tens digit of 5748?
4
What is the tens digit of 2763?
6
What is the hundreds digit of 191871?
8
What is the units digit of 10326?
6
What is the hundreds digit of 5346?
3
What is the hundreds digit of 1995?
9
What is the tens digit of 743?
4
What is the units digit of 711?
1
What is the tens digit of 795?
9
What is the hundreds digit of 2839?
8
What is the tens digit of 7759?
5
What is the hundreds digit of 3233?
2
What is the tens digit of 758?
5
What is the tens digit of 437?
3
What is the thousands digit of 21709?
1
What is the tens digit of 14399?
9
What is the hundreds digit of 3964?
9
What is the hundreds digit of 333?
3
What is the units digit of 305?
5
What is the tens digit of 9803?
0
What is the thousands digit of 1352?
1
What is the thousands digit of 1781?
1
What is the hundreds digit of 19520?
5
What is the hundreds digit of 17380?
3
What is the units digit of 6416?
6
What is the hundreds digit of 5982?
9
What is the units digit of 52748?
8
What is the tens digit of 2137?
3
What is the tens digit of 7562?
6
What is the tens digit of 7330?
3
What is the ten thousands digit of 10326?
1
What is the tens digit of 109933?
3
What is the hundreds digit of 16284?
2
What is the tens digit of 2408?
0
What is the units digit of 10733?
3
What is the units digit of 271?
1
What is the hundreds digit of 5283?
2
What is the units digit of 5743?
3
What is the ten thousands digit of 31312?
3
What is the ten thousands digit of 87604?
8
What is the tens digit of 52373?
7
What is the units digit of 386?
6
What is the units digit of 353?
3
What is the units digit of 54252?
2
What is the hundreds digit of 2050?
0
What is the tens digit of 21128?
2
What is the ten thousands digit of 21502?
2
What is the units digit of 1571?
1
What is the hundreds digit of 1092?
0
What is the units digit of 1046?
6
What is the ten thousands digit of 42574?
4
What is the tens digit of 827?
2
What is the tens digit of 8469?
6
What is the tens digit of 52090?
9
What is the units digit of 12542?
2
What is the tens digit of 966?
6
What is the hundreds digit of 1060?
0
What is the thousands digit of 10082?
0
What is the tens digit of 4533?
3
What is the thousands digit of 65049?
5
What is the units digit of 3107?
7
What is the tens digit of 1728?
2
What is the units digit of 931?
1
What is the hundreds digit of 13124?
1
What is the thousands digit of 1786?
1
What is the hundreds digit of 2574?
5
What is the ten thousands digit of 12973?
1
What is the units digit of 58038?
8
What is the hundreds digit of 3195?
1
What is the units digit of 5225?
5
What is the hundreds digit of 879?
8
What is the thousands digit of 1599?
1
What is the units digit of 1061?
1
What is the tens digit of 486?
8
What is the thousands digit of 2115?
2
What is the tens digit of 58487?
8
What is the units digit of 6651?
1
What is the tens digit of 2680?
8
What is the units digit of 1257?
7
What is the hundreds digit of 12281?
2
What is the units digit of 1351?
1
What is the hundreds digit of 382?
3
What is the hundreds digit of 4746?
7
What is the units digit of 4222?
2
What is the units digit of 95?
5
What is the ten thousands digit of 29350?
2
What is the units digit of 3751?
1
What is the thousands digit of 52378?
2
What is the units digit of 6589?
9
What is the hundreds digit of 941?
9
What is the tens digit of 22679?
7
What is the units digit of 5037?
7
What is the units digit of 1991?
1
What is the units digit of 12350?
0
What is the tens digit of 229?
2
What is the thousands digit of 41070?
1
What is the tens digit of 1305?
0
What is the units digit of 2498?
8
What is the tens digit of 3669?
6
What is the thousands digit of 4333?
4
What is the hundreds digit of 483?
4
What is the thousands digit of 23185?
3
What is the tens digit of 442?
4
What is the units digit of 75?
5
What is the hundreds digit of 24939?
9
What is the tens digit of 769?
6
What is the hundreds digit of 100?
1
What is the thousands digit of 2104?
2
What is the hundreds digit of 6144?
1
What is the thousands digit of 1304?
1
What is the hundreds digit of 1023?
0
What is the units digit of 62920?
0
What is the units digit of 1271?
1
What is the ten thousands digit of 11143?
1
What is the thousands digit of 3512?
3
What is the hundreds digit of 571?
5
What is the tens digit of 108462?
6
What is the tens digit of 38572?
7
What is the thousands digit of 1560?
1
What is the tens digit of 784?
8
What is the units digit of 3527?
7
What is the tens digit of 18667?
6
What is the units digit of 2983?
3
What is the units digit of 363?
3
What is the units digit of 1641?
1
What is the units digit of 5398?
8
What is the hundreds digit of 9340?
3
What is the units digit of 21661?
1
What is the hundreds digit of 491?
4
What is the units digit of 25943?
3
What is the units digit of 795?
5
What is the tens digit of 1676?
7
What is the tens digit of 303?
0
What is the tens digit of 2777?
7
What is the units digit of 27966?
6
What is the units digit of 73861?
1
What is the tens digit of 604?
0
What is the units digit of 561?
1
What is the hundreds digit of 224?
2
What is the tens digit of 26802?
0
What is the hundreds digit of 732?
7
What is the hundreds digit of 1160?
1
What is the tens digit of 19656?
5
What is the thousands digit of 2098?
2
What is the units digit of 4998?
8
What is the ten thousands digit of 50294?
5
What is the hundreds digit of 1863?
8
What is the thousands digit of 20596?
0
What is the units digit of 3464?
4
What is the tens digit of 282?
8
What is the thousands digit of 2279?
2
What is the units digit of 1290?
0
What is the thousands digit of 3497?
3
What is the tens digit of 3825?
2
What is the hundreds digit of 2335?
3
What is the ten thousands digit of 12788?
1
What is the hundreds digit of 1211?
2
What is the hundreds digit of 21761?
7
What is the tens digit of 1008?
0
What is the tens digit of 24854?
5
What is the units digit of 2640?
0
What is the units digit of 2138?
8
What is the hundreds digit of 108750?
7
What is the thousands digit of 27584?
7
What is the hundreds digit of 6566?
5
What is the hundreds digit of 12817?
8
What is the thousands digit of 127093?
7
What is the units digit of 5607?
7
What is the tens digit of 28818?
1
What is the thousands digit of 7737?
7
What is the tens digit of 11769?
6
What is the thousands digit of 9772?
9
What is the hundreds digit of 77367?
3
What is the ten thousands digit of 23986?
2
What is the units digit of 10328?
8
What is the units digit of 4375?
5
What is the units digit of 16534?
4
What is the units digit of 98514?
4
What is the thousands digit of 9303?
9
What is the thousands digit of 1481?
1
What is the tens digit of 1001?
0
What is the hundreds digit of 3083?
0
What is the tens digit of 3416?
1
What is the units digit of 5650?
0
What is the units digit of 239?
9
What is the hundreds digit of 647?
6
What is the hundreds digit of 53027?
0
What is the hundreds digit of 563?
5
What is the tens digit of 3125?
2
What is the units digit of 2338?
8
What is the thousands digit of 16557?
6
What is the hundreds digit of 4626?
6
What is the tens digit of 83?
8
What is the tens digit of 15049?
4
What is the tens digit of 43490?
9
What is the hundreds digit o